{"id":24,"date":"2015-10-10T21:20:47","date_gmt":"2015-10-10T19:20:47","guid":{"rendered":"http:\/\/www.fit-massagen.ch\/?page_id=24"},"modified":"2019-01-15T20:21:14","modified_gmt":"2019-01-15T19:21:14","slug":"preise","status":"publish","type":"page","link":"https:\/\/www.fit-massagen.ch\/index.php\/preise\/","title":{"rendered":"Preise"},"content":{"rendered":"<h5>MASSAGE &#8211; KURZURLAUB F\u00dcR K\u00d6RPER, GEIST UND SEELE<\/h5>\n<table width=\"686\" style=\"height: 343px;\">\n<tbody>\n<tr>\n<td>Klassische Ganzk\u00f6rper-Massage<\/td>\n<td style=\"text-align: right;\">1 &nbsp; &nbsp;&nbsp; Std.<\/td>\n<td style=\"text-align: left;\">&nbsp;<\/td>\n<td style=\"text-align: right;\">Fr. 132.-<\/td>\n<\/tr>\n<tr>\n<td>Klassische Ganzk\u00f6rper-Massage inkl. Akkupressurpunkte<\/td>\n<td style=\"text-align: right;\">1 \u00bd Std.<\/td>\n<td style=\"text-align: left;\">&nbsp;<\/td>\n<td style=\"text-align: right;\">Fr. 165.-<\/td>\n<\/tr>\n<tr>\n<td>Klassische Ganzk\u00f6rper- inkl. Meridian-Massage<br \/>\nDie Meridian Massage ist eine Energie-Ausgleichs-Massage<\/td>\n<td style=\"text-align: right;\">1 \u00bd Std.<\/td>\n<td style=\"text-align: left;\">&nbsp;<\/td>\n<td style=\"text-align: right;\">Fr. 165.-<\/td>\n<\/tr>\n<tr>\n<td>R\u00fccken-Nacken-Massage<\/td>\n<td style=\"text-align: right;\">&nbsp;&nbsp; \u00bd Std.<\/td>\n<td style=\"text-align: left;\">&nbsp;<\/td>\n<td style=\"text-align: right;\">Fr. &nbsp; 65.-<\/td>\n<\/tr>\n<tr>\n<td>Fussreflexzonen-Druck -Massage<\/td>\n<td style=\"text-align: right;\">\u00bd Std.<\/td>\n<td style=\"text-align: left;\">&nbsp;<\/td>\n<td style=\"text-align: right;\">Fr. &nbsp; 65.-<\/td>\n<\/tr>\n<tr>\n<td>Meridian-Massage<\/td>\n<td style=\"text-align: right;\">\u00bd Std.<\/td>\n<td style=\"text-align: left;\">&nbsp;<\/td>\n<td style=\"text-align: right;\">Fr. &nbsp; 65.-<\/td>\n<\/tr>\n<tr>\n<td><strong>Termine nach Vereinbarung<\/strong><\/td>\n<td style=\"text-align: right;\">&nbsp;<\/td>\n<td style=\"text-align: right;\">&nbsp;<\/td>\n<td style=\"text-align: right;\">&nbsp;<\/td>\n<\/tr>\n<tr>\n<td>&nbsp;<\/p>\n<p>Der Preis f\u00fcr Cranio-Sacral-Balancing finden Sie <strong><a href=\"http:\/\/www.fit-massagen.ch\/index.php\/angebote\/cranio-sacral-balancing\/\">hier<\/a><\/strong><\/td>\n<td style=\"text-align: right;\">&nbsp;<\/td>\n<td style=\"text-align: right;\">&nbsp;<\/td>\n<td style=\"text-align: right;\">&nbsp;<\/td>\n<\/tr>\n<\/tbody>\n<\/table>\n","protected":false},"excerpt":{"rendered":"<p>MASSAGE &#8211; KURZURLAUB F\u00dcR K\u00d6RPER, GEIST UND SEELE Klassische Ganzk\u00f6rper-Massage 1 &nbsp; &nbsp;&nbsp; Std. &nbsp; Fr. 132.- Klassische Ganzk\u00f6rper-Massage inkl. Akkupressurpunkte 1 \u00bd Std. &nbsp; Fr. 165.- Klassische Ganzk\u00f6rper- inkl. Meridian-Massage Die Meridian Massage ist eine Energie-Ausgleichs-Massage 1 \u00bd Std. &nbsp; Fr. 165.- R\u00fccken-Nacken-Massage &nbsp;&nbsp; \u00bd Std. &nbsp; Fr. &nbsp; 65.- Fussreflexzonen-Druck -Massage \u00bd Std. &nbsp; Fr. &nbsp; 65.- Meridian-Massage &#8230; <\/p>\n<div><a href=\"https:\/\/www.fit-massagen.ch\/index.php\/preise\/\" class=\"more-link\">Read More<\/a><\/div>\n","protected":false},"author":2,"featured_media":0,"parent":0,"menu_order":0,"comment_status":"closed","ping_status":"closed","template":"","meta":{"ngg_post_thumbnail":0,"footnotes":"","_links_to":"","_links_to_target":""},"class_list":["post-24","page","type-page","status-publish","hentry","no-post-thumbnail"],"_links":{"self":[{"href":"https:\/\/www.fit-massagen.ch\/index.php\/wp-json\/wp\/v2\/pages\/24","targetHints":{"allow":["GET"]}}],"collection":[{"href":"https:\/\/www.fit-massagen.ch\/index.php\/wp-json\/wp\/v2\/pages"}],"about":[{"href":"https:\/\/www.fit-massagen.ch\/index.php\/wp-json\/wp\/v2\/types\/page"}],"author":[{"embeddable":true,"href":"https:\/\/www.fit-massagen.ch\/index.php\/wp-json\/wp\/v2\/users\/2"}],"replies":[{"embeddable":true,"href":"https:\/\/www.fit-massagen.ch\/index.php\/wp-json\/wp\/v2\/comments?post=24"}],"version-history":[{"count":22,"href":"https:\/\/www.fit-massagen.ch\/index.php\/wp-json\/wp\/v2\/pages\/24\/revisions"}],"predecessor-version":[{"id":349,"href":"https:\/\/www.fit-massagen.ch\/index.php\/wp-json\/wp\/v2\/pages\/24\/revisions\/349"}],"wp:attachment":[{"href":"https:\/\/www.fit-massagen.ch\/index.php\/wp-json\/wp\/v2\/media?parent=24"}],"curies":[{"name":"wp","href":"https:\/\/api.w.org\/{rel}","templated":true}]}}

<h5>MASSAGE &#8211; KURZURLAUB FÜR KÖRPER, GEIST UND SEELE</h5>
<table width="686" style="height: 343px;">
<tbody>
<tr>
<td>Klassische Ganzkörper-Massage</td>
<td style="text-align: right;">1 &nbsp; &nbsp;&nbsp; Std.</td>
<td style="text-align: left;">&nbsp;</td>
<td style="text-align: right;">Fr. 132.-</td>
</tr>
<tr>
<td>Klassische Ganzkörper-Massage inkl. Akkupressurpunkte</td>
<td style="text-align: right;">1 ½ Std.</td>
<td style="text-align: left;">&nbsp;</td>
<td style="text-align: right;">Fr. 165.-</td>
</tr>
<tr>
<td>Klassische Ganzkörper- inkl. Meridian-Massage<br />
Die Meridian Massage ist eine Energie-Ausgleichs-Massage</td>
<td style="text-align: right;">1 ½ Std.</td>
<td style="text-align: left;">&nbsp;</td>
<td style="text-align: right;">Fr. 165.-</td>
</tr>
<tr>
<td>Rücken-Nacken-Massage</td>
<td style="text-align: right;">&nbsp;&nbsp; ½ Std.</td>
<td style="text-align: left;">&nbsp;</td>
<td style="text-align: right;">Fr. &nbsp; 65.-</td>
</tr>
<tr>
<td>Fussreflexzonen-Druck -Massage</td>
<td style="text-align: right;">½ Std.</td>
<td style="text-align: left;">&nbsp;</td>
<td style="text-align: right;">Fr. &nbsp; 65.-</td>
</tr>
<tr>
<td>Meridian-Massage</td>
<td style="text-align: right;">½ Std.</td>
<td style="text-align: left;">&nbsp;</td>
<td style="text-align: right;">Fr. &nbsp; 65.-</td>
</tr>
<tr>
<td><strong>Termine nach Vereinbarung</strong></td>
<td style="text-align: right;">&nbsp;</td>
<td style="text-align: right;">&nbsp;</td>
<td style="text-align: right;">&nbsp;</td>
</tr>
<tr>
<td>&nbsp;</p>
<p>Der Preis für Cranio-Sacral-Balancing finden Sie <strong><a href="http://www.fit-massagen.ch/index.php/angebote/cranio-sacral-balancing/">hier</a></strong></td>
<td style="text-align: right;">&nbsp;</td>
<td style="text-align: right;">&nbsp;</td>
<td style="text-align: right;">&nbsp;</td>
</tr>
</tbody>
</table>

<p>MASSAGE &#8211; KURZURLAUB FÜR KÖRPER, GEIST UND SEELE Klassische Ganzkörper-Massage 1 &nbsp; &nbsp;&nbsp; Std. &nbsp; Fr. 132.- Klassische Ganzkörper-Massage inkl. Akkupressurpunkte 1 ½ Std. &nbsp; Fr. 165.- Klassische Ganzkörper- inkl. Meridian-Massage Die Meridian Massage ist eine Energie-Ausgleichs-Massage 1 ½ Std. &nbsp; Fr. 165.- Rücken-Nacken-Massage &nbsp;&nbsp; ½ Std. &nbsp; Fr. &nbsp; 65.- Fussreflexzonen-Druck -Massage ½ Std. &nbsp; Fr. &nbsp; 65.- Meridian-Massage &#8230; </p>
<div><a href="https://www.fit-massagen.ch/index.php/preise/" class="more-link">Read More</a></div>
