{"id":22,"date":"2015-10-10T21:20:34","date_gmt":"2015-10-10T19:20:34","guid":{"rendered":"http:\/\/www.fit-massagen.ch\/?page_id=22"},"modified":"2019-08-29T15:09:24","modified_gmt":"2019-08-29T13:09:24","slug":"ueber-mich","status":"publish","type":"page","link":"https:\/\/www.fit-massagen.ch\/index.php\/ueber-mich\/","title":{"rendered":"\u00dcber mich"},"content":{"rendered":"<p><a href=\"http:\/\/www.fit-massagen.ch\/wp-content\/uploads\/2015\/10\/Annina_Clifford3.jpg\" target=\"_blank\" rel=\"noopener noreferrer\"><img loading=\"lazy\" decoding=\"async\" width=\"132\" height=\"168\" class=\"alignleft wp-image-209\" alt=\"Annina Clifford\" src=\"http:\/\/www.fit-massagen.ch\/wp-content\/uploads\/2015\/10\/Annina_Clifford3.jpg\" srcset=\"https:\/\/www.fit-massagen.ch\/wp-content\/uploads\/2015\/10\/Annina_Clifford3.jpg 286w, https:\/\/www.fit-massagen.ch\/wp-content\/uploads\/2015\/10\/Annina_Clifford3-236x300.jpg 236w, https:\/\/www.fit-massagen.ch\/wp-content\/uploads\/2015\/10\/Annina_Clifford3-100x127.jpg 100w\" sizes=\"auto, (max-width: 132px) 100vw, 132px\" \/><\/a>Schon seit meinem ersten Beruf als Pharma-Assistentin interessiere ich mich f\u00fcr den Menschen und seine Gesundheit sowie dem Zusammenspiel von k\u00f6rperlichem, seelischem und geistigen Wohlbefinden und was es braucht, dieses Gleichgewicht optimal zu erhalten und zu unterst\u00fctzen.<\/p>\n<p>Durch eigene Erfahrung habe ich festgestellt wie wichtig es ist, sich auf das Gesunde in K\u00f6rper, Geist und Seele zu besinnen. Diese Zust\u00e4nde sanft zu erforschen und zu sehen, worauf sie hinweisen wollen, um so dem Leben immer wieder mit Leichtigkeit und Freude begegnen zu k\u00f6nnen. Massage, Cranio und Coaching sind sanfte und wundervolle M\u00f6glichkeiten, dies zu tun.<\/p>\n<h5>Therapeutische Aus- und Weiterbildungen:<\/h5>\n<p>Diplom und Weiterbildungen in klassischer Massage, Meridian-Massage, Fussdruck-Stimulation, Akkupressurpunkt-Stimulation.<br \/>\nSeit 2000 in eigener Praxis t\u00e4tig.<\/p>\n<p>2002\/2003 Ausbildung in biodynamischer Craniosacral Therapie im <a href=\"http:\/\/www.icsb.ch\" target=\"_blank\" rel=\"noopener noreferrer\">International Institute for Craniosacral Balancing<\/a>; Weiterbildungen in biodynamisch craniosacraler Arbeit mit Babys und Kindern; Weiterbildungen in biodynamischer Craniosacral Therapie sowie Trauma-Therapie; Weiterbildungen in viszeraler Biodynamik (Arbeit mit Organen); Arbeit mit chronischen Schmerzzust\u00e4nden, Ersch\u00f6pfung und Depressionen durch Bewegung und Ber\u00fchrung. Humortherapie.<br \/>\n2017-2019 Coaching-Ausbildung im <a href=\"http:\/\/www.inahullmann.com\" target=\"_blank\" rel=\"noopener noreferrer\">Institut f\u00fcr Coaching und Hypnotherapie<\/a><\/p>\n<p>&nbsp;<\/p>\n<h5>Ich bin Mitglied des Berufsverbandes \u201ccranio suisse\u201c und EMR-Anerkannt<\/h5>\n","protected":false},"excerpt":{"rendered":"<p>Schon seit meinem ersten Beruf als Pharma-Assistentin interessiere ich mich f\u00fcr den Menschen und seine Gesundheit sowie dem Zusammenspiel von k\u00f6rperlichem, seelischem und geistigen Wohlbefinden und was es braucht, dieses Gleichgewicht optimal zu erhalten und zu unterst\u00fctzen. Durch eigene Erfahrung habe ich festgestellt wie wichtig es ist, sich auf das Gesunde in K\u00f6rper, Geist und Seele zu besinnen. Diese Zust\u00e4nde &#8230; <\/p>\n<div><a href=\"https:\/\/www.fit-massagen.ch\/index.php\/ueber-mich\/\" class=\"more-link\">Read More<\/a><\/div>\n","protected":false},"author":2,"featured_media":0,"parent":0,"menu_order":0,"comment_status":"closed","ping_status":"closed","template":"","meta":{"ngg_post_thumbnail":0,"footnotes":"","_links_to":"","_links_to_target":""},"class_list":["post-22","page","type-page","status-publish","hentry","no-post-thumbnail"],"_links":{"self":[{"href":"https:\/\/www.fit-massagen.ch\/index.php\/wp-json\/wp\/v2\/pages\/22","targetHints":{"allow":["GET"]}}],"collection":[{"href":"https:\/\/www.fit-massagen.ch\/index.php\/wp-json\/wp\/v2\/pages"}],"about":[{"href":"https:\/\/www.fit-massagen.ch\/index.php\/wp-json\/wp\/v2\/types\/page"}],"author":[{"embeddable":true,"href":"https:\/\/www.fit-massagen.ch\/index.php\/wp-json\/wp\/v2\/users\/2"}],"replies":[{"embeddable":true,"href":"https:\/\/www.fit-massagen.ch\/index.php\/wp-json\/wp\/v2\/comments?post=22"}],"version-history":[{"count":50,"href":"https:\/\/www.fit-massagen.ch\/index.php\/wp-json\/wp\/v2\/pages\/22\/revisions"}],"predecessor-version":[{"id":355,"href":"https:\/\/www.fit-massagen.ch\/index.php\/wp-json\/wp\/v2\/pages\/22\/revisions\/355"}],"wp:attachment":[{"href":"https:\/\/www.fit-massagen.ch\/index.php\/wp-json\/wp\/v2\/media?parent=22"}],"curies":[{"name":"wp","href":"https:\/\/api.w.org\/{rel}","templated":true}]}}

Über mich

<p><a href="http://www.fit-massagen.ch/wp-content/uploads/2015/10/Annina_Clifford3.jpg" target="_blank" rel="noopener noreferrer"><img loading="lazy" decoding="async" width="132" height="168" class="alignleft wp-image-209" alt="Annina Clifford" src="http://www.fit-massagen.ch/wp-content/uploads/2015/10/Annina_Clifford3.jpg" srcset="https://www.fit-massagen.ch/wp-content/uploads/2015/10/Annina_Clifford3.jpg 286w, https://www.fit-massagen.ch/wp-content/uploads/2015/10/Annina_Clifford3-236x300.jpg 236w, https://www.fit-massagen.ch/wp-content/uploads/2015/10/Annina_Clifford3-100x127.jpg 100w" sizes="auto, (max-width: 132px) 100vw, 132px" /></a>Schon seit meinem ersten Beruf als Pharma-Assistentin interessiere ich mich für den Menschen und seine Gesundheit sowie dem Zusammenspiel von körperlichem, seelischem und geistigen Wohlbefinden und was es braucht, dieses Gleichgewicht optimal zu erhalten und zu unterstützen.</p>
<p>Durch eigene Erfahrung habe ich festgestellt wie wichtig es ist, sich auf das Gesunde in Körper, Geist und Seele zu besinnen. Diese Zustände sanft zu erforschen und zu sehen, worauf sie hinweisen wollen, um so dem Leben immer wieder mit Leichtigkeit und Freude begegnen zu können. Massage, Cranio und Coaching sind sanfte und wundervolle Möglichkeiten, dies zu tun.</p>
<h5>Therapeutische Aus- und Weiterbildungen:</h5>
<p>Diplom und Weiterbildungen in klassischer Massage, Meridian-Massage, Fussdruck-Stimulation, Akkupressurpunkt-Stimulation.<br />
Seit 2000 in eigener Praxis tätig.</p>
<p>2002/2003 Ausbildung in biodynamischer Craniosacral Therapie im <a href="http://www.icsb.ch" target="_blank" rel="noopener noreferrer">International Institute for Craniosacral Balancing</a>; Weiterbildungen in biodynamisch craniosacraler Arbeit mit Babys und Kindern; Weiterbildungen in biodynamischer Craniosacral Therapie sowie Trauma-Therapie; Weiterbildungen in viszeraler Biodynamik (Arbeit mit Organen); Arbeit mit chronischen Schmerzzuständen, Erschöpfung und Depressionen durch Bewegung und Berührung. Humortherapie.<br />
2017-2019 Coaching-Ausbildung im <a href="http://www.inahullmann.com" target="_blank" rel="noopener noreferrer">Institut für Coaching und Hypnotherapie</a></p>
<p>&nbsp;</p>
<h5>Ich bin Mitglied des Berufsverbandes “cranio suisse“ und EMR-Anerkannt</h5>

<p>Schon seit meinem ersten Beruf als Pharma-Assistentin interessiere ich mich für den Menschen und seine Gesundheit sowie dem Zusammenspiel von körperlichem, seelischem und geistigen Wohlbefinden und was es braucht, dieses Gleichgewicht optimal zu erhalten und zu unterstützen. Durch eigene Erfahrung habe ich festgestellt wie wichtig es ist, sich auf das Gesunde in Körper, Geist und Seele zu besinnen. Diese Zustände &#8230; </p>
<div><a href="https://www.fit-massagen.ch/index.php/ueber-mich/" class="more-link">Read More</a></div>
