{"id":14,"date":"2015-10-10T21:18:26","date_gmt":"2015-10-10T19:18:26","guid":{"rendered":"http:\/\/www.fit-massagen.ch\/?page_id=14"},"modified":"2019-08-28T15:35:39","modified_gmt":"2019-08-28T13:35:39","slug":"cranio-sacral-balancing","status":"publish","type":"page","link":"https:\/\/www.fit-massagen.ch\/index.php\/angebote\/cranio-sacral-balancing\/","title":{"rendered":"Cranio-Sacral-Balancing"},"content":{"rendered":"<p style=\"text-align: left;\"><img loading=\"lazy\" decoding=\"async\" width=\"424\" height=\"283\" class=\"size-full wp-image-139 alignleft\" alt=\"cranio sacral balancing\" src=\"http:\/\/www.fit-massagen.ch\/wp-content\/uploads\/2015\/10\/cranio-sacral-balancing.jpg\" srcset=\"https:\/\/www.fit-massagen.ch\/wp-content\/uploads\/2015\/10\/cranio-sacral-balancing.jpg 424w, https:\/\/www.fit-massagen.ch\/wp-content\/uploads\/2015\/10\/cranio-sacral-balancing-300x200.jpg 300w, https:\/\/www.fit-massagen.ch\/wp-content\/uploads\/2015\/10\/cranio-sacral-balancing-100x67.jpg 100w\" sizes=\"auto, (max-width: 424px) 100vw, 424px\" \/>Zur Rehabilitation nach Krankheit und Unf\u00e4llen, Schleudertrauma, Kopfschmerzen, Migr\u00e4ne, Kieferprobleme, Tinnitus, Sinusitis, Geburtstrauma, Hyperaktivit\u00e4t, Konzentrationsst\u00f6rungen, Neurologische Erkrankungen und Erkrankungen des Vegetativen Nervensystems, Schlafprobleme, Ersch\u00f6pfungszust\u00e4nde, Depressionen, Menstruationsbeschwerden, Stressbedingte Beschwerden, Organerkrankungen, Verdauungsst\u00f6rungen, Asthma, Allergien und Hauterkrankungen, Wirbels\u00e4ulen- und Gelenkerkrankungen, bei chronischen Schmerzen.<\/p>\n<h5>Wie verl\u00e4uft eine Therapie ?<\/h5>\n<p>Ein ausf\u00fchrliches Gespr\u00e4ch schafft den ersten Kontakt und bietet die M\u00f6glichkeit erste Eindr\u00fccke und Informationen zu sammeln. Die Anzahl der Sitzungen richtet sich nach den Beschwerden. Eine Behandlung dauert ca. eine Stunde. In bequemer Kleidung liegt man auf dem Massagetisch. Sehr sanft und behutsam wird gezielt am ganzen K\u00f6rper behandelt. Die Sitzungen werden verbal begleitet. Die Aufmerksamkeit wird von Anfang an auf die innewohnende Gesundheit im K\u00f6rper (Lebensatem) gerichtet und eingeladen, sich wieder st\u00e4rker auszudr\u00fccken.<\/p>\n<p>Die Sitzungen in Craniosacral-Balancing\u00ae behalten immer den Menschen als Ganzes im Sinn, um die Integration von K\u00f6rper, Geist und der Seele zu unterst\u00fctzen.<\/p>\n<p>Kosten einer Behandlung: SFr. 132.- \/ Stunde<br \/>\nDie Craniosacral-Therapie wird von vielen Krankenkassen (Zusatzversicherung) anerkannt.<\/p>\n<h5>K\u00f6rper, Geist und Seele im Gleichgewicht schwingen lassen<\/h5>\n","protected":false},"excerpt":{"rendered":"<p>Zur Rehabilitation nach Krankheit und Unf\u00e4llen, Schleudertrauma, Kopfschmerzen, Migr\u00e4ne, Kieferprobleme, Tinnitus, Sinusitis, Geburtstrauma, Hyperaktivit\u00e4t, Konzentrationsst\u00f6rungen, Neurologische Erkrankungen und Erkrankungen des Vegetativen Nervensystems, Schlafprobleme, Ersch\u00f6pfungszust\u00e4nde, Depressionen, Menstruationsbeschwerden, Stressbedingte Beschwerden, Organerkrankungen, Verdauungsst\u00f6rungen, Asthma, Allergien und Hauterkrankungen, Wirbels\u00e4ulen- und Gelenkerkrankungen, bei chronischen Schmerzen. Wie verl\u00e4uft eine Therapie ? Ein ausf\u00fchrliches Gespr\u00e4ch schafft den ersten Kontakt und bietet die M\u00f6glichkeit erste Eindr\u00fccke und Informationen &#8230; <\/p>\n<div><a href=\"https:\/\/www.fit-massagen.ch\/index.php\/angebote\/cranio-sacral-balancing\/\" class=\"more-link\">Read More<\/a><\/div>\n","protected":false},"author":2,"featured_media":0,"parent":12,"menu_order":0,"comment_status":"closed","ping_status":"closed","template":"","meta":{"ngg_post_thumbnail":0,"footnotes":"","_links_to":"","_links_to_target":""},"class_list":["post-14","page","type-page","status-publish","hentry","no-post-thumbnail"],"_links":{"self":[{"href":"https:\/\/www.fit-massagen.ch\/index.php\/wp-json\/wp\/v2\/pages\/14","targetHints":{"allow":["GET"]}}],"collection":[{"href":"https:\/\/www.fit-massagen.ch\/index.php\/wp-json\/wp\/v2\/pages"}],"about":[{"href":"https:\/\/www.fit-massagen.ch\/index.php\/wp-json\/wp\/v2\/types\/page"}],"author":[{"embeddable":true,"href":"https:\/\/www.fit-massagen.ch\/index.php\/wp-json\/wp\/v2\/users\/2"}],"replies":[{"embeddable":true,"href":"https:\/\/www.fit-massagen.ch\/index.php\/wp-json\/wp\/v2\/comments?post=14"}],"version-history":[{"count":12,"href":"https:\/\/www.fit-massagen.ch\/index.php\/wp-json\/wp\/v2\/pages\/14\/revisions"}],"predecessor-version":[{"id":169,"href":"https:\/\/www.fit-massagen.ch\/index.php\/wp-json\/wp\/v2\/pages\/14\/revisions\/169"}],"up":[{"embeddable":true,"href":"https:\/\/www.fit-massagen.ch\/index.php\/wp-json\/wp\/v2\/pages\/12"}],"wp:attachment":[{"href":"https:\/\/www.fit-massagen.ch\/index.php\/wp-json\/wp\/v2\/media?parent=14"}],"curies":[{"name":"wp","href":"https:\/\/api.w.org\/{rel}","templated":true}]}}

<p style="text-align: left;"><img loading="lazy" decoding="async" width="424" height="283" class="size-full wp-image-139 alignleft" alt="cranio sacral balancing" src="http://www.fit-massagen.ch/wp-content/uploads/2015/10/cranio-sacral-balancing.jpg" srcset="https://www.fit-massagen.ch/wp-content/uploads/2015/10/cranio-sacral-balancing.jpg 424w, https://www.fit-massagen.ch/wp-content/uploads/2015/10/cranio-sacral-balancing-300x200.jpg 300w, https://www.fit-massagen.ch/wp-content/uploads/2015/10/cranio-sacral-balancing-100x67.jpg 100w" sizes="auto, (max-width: 424px) 100vw, 424px" />Zur Rehabilitation nach Krankheit und Unfällen, Schleudertrauma, Kopfschmerzen, Migräne, Kieferprobleme, Tinnitus, Sinusitis, Geburtstrauma, Hyperaktivität, Konzentrationsstörungen, Neurologische Erkrankungen und Erkrankungen des Vegetativen Nervensystems, Schlafprobleme, Erschöpfungszustände, Depressionen, Menstruationsbeschwerden, Stressbedingte Beschwerden, Organerkrankungen, Verdauungsstörungen, Asthma, Allergien und Hauterkrankungen, Wirbelsäulen- und Gelenkerkrankungen, bei chronischen Schmerzen.</p>
<h5>Wie verläuft eine Therapie ?</h5>
<p>Ein ausführliches Gespräch schafft den ersten Kontakt und bietet die Möglichkeit erste Eindrücke und Informationen zu sammeln. Die Anzahl der Sitzungen richtet sich nach den Beschwerden. Eine Behandlung dauert ca. eine Stunde. In bequemer Kleidung liegt man auf dem Massagetisch. Sehr sanft und behutsam wird gezielt am ganzen Körper behandelt. Die Sitzungen werden verbal begleitet. Die Aufmerksamkeit wird von Anfang an auf die innewohnende Gesundheit im Körper (Lebensatem) gerichtet und eingeladen, sich wieder stärker auszudrücken.</p>
<p>Die Sitzungen in Craniosacral-Balancing® behalten immer den Menschen als Ganzes im Sinn, um die Integration von Körper, Geist und der Seele zu unterstützen.</p>
<p>Kosten einer Behandlung: SFr. 132.- / Stunde<br />
Die Craniosacral-Therapie wird von vielen Krankenkassen (Zusatzversicherung) anerkannt.</p>
<h5>Körper, Geist und Seele im Gleichgewicht schwingen lassen</h5>

<p>Zur Rehabilitation nach Krankheit und Unfällen, Schleudertrauma, Kopfschmerzen, Migräne, Kieferprobleme, Tinnitus, Sinusitis, Geburtstrauma, Hyperaktivität, Konzentrationsstörungen, Neurologische Erkrankungen und Erkrankungen des Vegetativen Nervensystems, Schlafprobleme, Erschöpfungszustände, Depressionen, Menstruationsbeschwerden, Stressbedingte Beschwerden, Organerkrankungen, Verdauungsstörungen, Asthma, Allergien und Hauterkrankungen, Wirbelsäulen- und Gelenkerkrankungen, bei chronischen Schmerzen. Wie verläuft eine Therapie ? Ein ausführliches Gespräch schafft den ersten Kontakt und bietet die Möglichkeit erste Eindrücke und Informationen &#8230; </p>
<div><a href="https://www.fit-massagen.ch/index.php/angebote/cranio-sacral-balancing/" class="more-link">Read More</a></div>
